{"id":16252,"date":"2024-04-03T13:47:06","date_gmt":"2024-04-03T10:47:06","guid":{"rendered":"https:\/\/moniheli.fi\/?post_type=uutinen&#038;p=16252"},"modified":"2024-04-03T14:00:16","modified_gmt":"2024-04-03T11:00:16","slug":"vieraskyna-amin-hassan","status":"publish","type":"uutinen","link":"https:\/\/moniheli.fi\/en\/uutinen\/vieraskyna-amin-hassan\/","title":{"rendered":"Compartmentalisation marginalises multicultural young people in society"},"content":{"rendered":"<div data-elementor-type=\"wp-post\" data-elementor-id=\"16252\" class=\"elementor elementor-16252\" data-elementor-post-type=\"uutinen\">\n\t\t\t\t<div class=\"elementor-element elementor-element-657d2ad0 e-flex e-con-boxed e-con e-parent\" data-id=\"657d2ad0\" data-element_type=\"container\" data-e-type=\"container\">\n\t\t\t\t\t<div class=\"e-con-inner\">\n\t\t\t\t<div class=\"elementor-element elementor-element-632fa076 elementor-widget elementor-widget-text-editor\" data-id=\"632fa076\" data-element_type=\"widget\" data-e-type=\"widget\" data-widget_type=\"text-editor.default\">\n\t\t\t\t<div class=\"elementor-widget-container\">\n\t\t\t\t\t\t\t\t\t<h6><b><span data-contrast=\"auto\">Finland is a multicultural country that still faces challenges in integrating multicultural young people into society.\u00a0<\/span><\/b><span data-ccp-props=\"{&quot;201341983&quot;:0,&quot;335559739&quot;:160,&quot;335559740&quot;:360}\">\u00a0<\/span><\/h6><p><span data-contrast=\"auto\">Although multiculturalism is a richness, it brings its own their challenges, especially for young people growing up in multicultural environments. In society, multicultural young people are marginalised by compartmentalisation and prejudice. It is important to understand how these phenomena affect young people's lives and how we can combat them.\u00a0<\/span><span data-ccp-props=\"{&quot;201341983&quot;:0,&quot;335559739&quot;:160,&quot;335559740&quot;:360}\">\u00a0<\/span><\/p><p><span data-contrast=\"auto\">I remember how I used to try for a long time to hide my background as much as possible. I was ashamed of my roots, because Somalis were always used as examples when it came to people who were poorly integrated into society. Somalis were used as examples in unemployment statistics. Somalis were even stigmatised during a coronavirus pandemic in the context of infectious clusters. You can only imagine how it feels when people swerve to avoid you on the street or on public transport.\u00a0<\/span><span data-ccp-props=\"{&quot;201341983&quot;:0,&quot;335559739&quot;:160,&quot;335559740&quot;:360}\">\u00a0<\/span><\/p><p><span data-contrast=\"auto\">Recently, the national media reflected on the challenges that S2 young people face in school. The reasons for the challenges were looked for in the young people's backgrounds, rather than, for example, a possible neurological disorder. When you hear nothing but the negative about your background, it inevitably starts to affect your ability to cope. This was reflected in my own ability to cope.\u00a0<\/span><span data-ccp-props=\"{&quot;201341983&quot;:0,&quot;335559739&quot;:160,&quot;335559740&quot;:360}\">\u00a0<\/span><\/p><p><span data-ccp-props=\"{&quot;201341983&quot;:0,&quot;335559739&quot;:160,&quot;335559740&quot;:360}\">\u00a0<\/span><\/p><h6><b><span data-contrast=\"auto\">Challenges affect young people's mental health and chances of success in life\u00a0<\/span><\/b><span data-ccp-props=\"{&quot;201341983&quot;:0,&quot;335559739&quot;:160,&quot;335559740&quot;:360}\">\u00a0<\/span><\/h6><p><span data-contrast=\"auto\">The examples I mentioned above are not only the challenges faced by Somali youth. Almost everyone from a multicultural background has faced negative treatment and prejudice in society.\u00a0<\/span><span data-ccp-props=\"{&quot;201341983&quot;:0,&quot;335559739&quot;:160,&quot;335559740&quot;:360}\">\u00a0<\/span><\/p><p><span data-contrast=\"auto\">This can take the form of racist comments, discrimination at school or at work, indifference in health care, or the most invisible, i.e. as a prejudiced compartmentalisation that puts people in a different position based on their background. This negative climate can have a significant impact on young people's mental health, causing stress, anxiety, and depression. Young people may feel excluded and insecure about their place in society, which can undermine their self-esteem and motivation. The combined effect of these challenges increases the risk of young people becoming marginalised.\u00a0<\/span><span data-ccp-props=\"{&quot;201341983&quot;:0,&quot;335559739&quot;:160,&quot;335559740&quot;:360}\">\u00a0<\/span><\/p><p><span data-contrast=\"auto\">When young people experience persistent discrimination and face barriers, for example to employment, they may lose faith in the future and society. This can lead to passivity, school drop-out and even crime. Excluded young people are more vulnerable to mental health problems and long-term unemployment, which can create a negative cycle in their lives.\u00a0<\/span><span data-ccp-props=\"{&quot;201341983&quot;:0,&quot;335559739&quot;:160,&quot;335559740&quot;:360}\">\u00a0<\/span><\/p><p><span data-ccp-props=\"{&quot;201341983&quot;:0,&quot;335559739&quot;:160,&quot;335559740&quot;:360}\">\u00a0<\/span><\/p><h6><b><span data-contrast=\"auto\">Solutions for cultural competence development and preventive work\u00a0<\/span><\/b><span data-ccp-props=\"{&quot;201341983&quot;:0,&quot;335559739&quot;:160,&quot;335559740&quot;:360}\">\u00a0<\/span><span data-ccp-props=\"{&quot;201341983&quot;:0,&quot;335559739&quot;:160,&quot;335559740&quot;:360}\">\u00a0<\/span><\/h6><p><span data-contrast=\"auto\">It is important to recognise and address the challenges faced by young people of different cultures in society. We need more cultural competence and training, both in the workplace and in schools. The better we understand the challenges faced by young people from different cultural backgrounds, the better we can help them. It is crucial to treat young people as individuals and not just as members of a particular group, but it is equally important to understand the social challenges faced by members of that group.\u00a0<\/span><span data-ccp-props=\"{&quot;201341983&quot;:0,&quot;335559739&quot;:160,&quot;335559740&quot;:360}\">\u00a0<\/span><\/p><p><span data-contrast=\"auto\">We cannot talk about equality of opportunity if every young person does not have an equal chance to succeed in life. We need active measures to combat discrimination and racist treatment and to create equal opportunities. Every educational staff member and employer should be involved in these efforts.\u00a0<\/span><span data-ccp-props=\"{&quot;201341983&quot;:0,&quot;335559739&quot;:160,&quot;335559740&quot;:360}\">\u00a0<\/span><\/p><p><span data-contrast=\"auto\">The mental health challenges of multicultural young people are not yet well enough identified. Society should be more active in providing support and resources for young people to support mental health and prevent exclusion. This includes, as an essential part of this, providing professionals with cultural developing skills to better understand the challenges. By taking a preventive approach, we can ensure not only that young people stay healthy and fit, but also that we do not lose young people unnecessarily from the labour market, for example through disability pensions.\u00a0<\/span><span data-ccp-props=\"{&quot;201341983&quot;:0,&quot;335559739&quot;:160,&quot;335559740&quot;:360}\">\u00a0<\/span><\/p><p><span data-contrast=\"auto\">We need every young person to keep the wheels of society turning efficiently. Let's leave no one behind.\u00a0<\/span><span data-ccp-props=\"{&quot;201341983&quot;:0,&quot;335559739&quot;:160,&quot;335559740&quot;:360}\">\u00a0<\/span><\/p>\t\t\t\t\t\t\t\t<\/div>\n\t\t\t\t<\/div>\n\t\t\t\t<div class=\"elementor-element elementor-element-51c7ae0 elementor-widget-divider--view-line elementor-widget elementor-widget-divider\" data-id=\"51c7ae0\" data-element_type=\"widget\" data-e-type=\"widget\" data-widget_type=\"divider.default\">\n\t\t\t\t<div class=\"elementor-widget-container\">\n\t\t\t\t\t\t\t<div class=\"elementor-divider\">\n\t\t\t<span class=\"elementor-divider-separator\">\n\t\t\t\t\t\t<\/span>\n\t\t<\/div>\n\t\t\t\t\t\t<\/div>\n\t\t\t\t<\/div>\n\t\t\t\t<div class=\"elementor-element elementor-element-7543f45 elementor-widget elementor-widget-text-editor\" data-id=\"7543f45\" data-element_type=\"widget\" data-e-type=\"widget\" data-widget_type=\"text-editor.default\">\n\t\t\t\t<div class=\"elementor-widget-container\">\n\t\t\t\t\t\t\t\t\t<p><i><span data-contrast=\"auto\">Sources (articles in Finnish):<\/span><\/i><span data-ccp-props=\"{&quot;201341983&quot;:0,&quot;335559739&quot;:160,&quot;335559740&quot;:360}\">\u00a0<\/span><\/p><ul><li><i><span data-contrast=\"auto\"> Helsingin Sanomat (for subscribers only): <\/span><\/i><a href=\"https:\/\/www.hs.fi\/kaupunki\/helsinki\/art-2000010320023.html\"><i><span data-contrast=\"none\">&#8221;Meit\u00e4 tarkkaillaan&#8221; &#8211; Ulkomaalaistaustaiset nuoret kertovat kohtelustaan Helsingiss\u00e4<\/span><\/i><\/a><i><\/i><\/li><li><i><span data-contrast=\"auto\"> Yle: <\/span><\/i><a href=\"https:\/\/yle.fi\/a\/3-11023468\"><i><span data-contrast=\"none\">Suomalainen nimi on valtava etu Suomen ty\u00f6markkinoilla \u2013 tutkija l\u00e4hetti tuhansia ty\u00f6hakemuksia eri nimill\u00e4 ja tulokset h\u00e4tk\u00e4hdytt\u00e4v\u00e4t<\/span><\/i><\/a><i><\/i><\/li><li><i><span data-contrast=\"auto\"> Ilta-Sanomat: <\/span><\/i><a href=\"https:\/\/www.is.fi\/kotimaa\/art-2000009402725.html\"><i><span data-contrast=\"none\">Ylen koulukone nostatti Twitter-myrskyn: \u201dTodella surullista\u201d<\/span><\/i><\/a><i><\/i><\/li><li><i><span data-contrast=\"auto\"> Terveyden ja hyvinvoinnin laitos: <\/span><\/i><a href=\"https:\/\/thl.fi\/-\/maahanmuuttanut-vaesto-voi-suomessa-keskimaarin-hyvin-mutta-yksinaisyys-ja-syrjinta-varjostavat-terveytta-ja-hyvinvointia?redirect=%252Ffi%252F\"><i><span data-contrast=\"none\">Maahan muuttanut v\u00e4est\u00f6 voi Suomessa keskim\u00e4\u00e4rin hyvin, mutta yksin\u00e4isyys ja syrjint\u00e4 varjostavat terveytt\u00e4 ja hyvinvointia<\/span><\/i><\/a><i><\/i><\/li><li><i><span data-contrast=\"auto\"> Helsingin Sanomat (for subscribers only): <\/span><\/i><a href=\"https:\/\/www.hs.fi\/politiikka\/art-2000009943262.html\"><i><span data-contrast=\"none\">EU-selvitys: Suomi koetaan yhdeksi rasistisimmista maista<\/span><\/i><\/a><\/li><\/ul>\t\t\t\t\t\t\t\t<\/div>\n\t\t\t\t<\/div>\n\t\t\t\t\t<\/div>\n\t\t\t\t<\/div>\n\t\t\t\t<\/div>","protected":false},"excerpt":{"rendered":"<p>Suomi on monikulttuurinen maa, joka kohtaa edelleen haasteita monikulttuuristen nuorten integroimisessa yhteiskuntaan.\u00a0 Vaikka monikulttuurisuus onkin rikkaus, se tuo mukanaan omia haasteitaan, erityisesti nuorille, jotka kasvavat monikulttuurisissa ymp\u00e4rist\u00f6iss\u00e4. Yhteiskunnassa lokerointi ja ennakkoluulot syrj\u00e4ytt\u00e4v\u00e4t monikulttuurisia nuoria. On t\u00e4rke\u00e4\u00e4 ymm\u00e4rt\u00e4\u00e4, miten n\u00e4m\u00e4 ilmi\u00f6t vaikuttavat nuorten el\u00e4m\u00e4\u00e4n ja miten voimme torjua niit\u00e4. Muistan, kuinka itse aikoinaan pyrin pitk\u00e4\u00e4n k\u00e4tkem\u00e4\u00e4n [&hellip;]<\/p>\n","protected":false},"author":37,"featured_media":16260,"menu_order":25,"comment_status":"closed","ping_status":"open","template":"","format":"standard","meta":{"_acf_changed":false,"footnotes":""},"categories":[8],"tags":[],"class_list":["post-16252","uutinen","type-uutinen","status-publish","format-standard","has-post-thumbnail","hentry","category-blogi"],"acf":[],"_links":{"self":[{"href":"https:\/\/moniheli.fi\/en\/wp-json\/wp\/v2\/uutinen\/16252","targetHints":{"allow":["GET"]}}],"collection":[{"href":"https:\/\/moniheli.fi\/en\/wp-json\/wp\/v2\/uutinen"}],"about":[{"href":"https:\/\/moniheli.fi\/en\/wp-json\/wp\/v2\/types\/uutinen"}],"author":[{"embeddable":true,"href":"https:\/\/moniheli.fi\/en\/wp-json\/wp\/v2\/users\/37"}],"replies":[{"embeddable":true,"href":"https:\/\/moniheli.fi\/en\/wp-json\/wp\/v2\/comments?post=16252"}],"version-history":[{"count":6,"href":"https:\/\/moniheli.fi\/en\/wp-json\/wp\/v2\/uutinen\/16252\/revisions"}],"predecessor-version":[{"id":16259,"href":"https:\/\/moniheli.fi\/en\/wp-json\/wp\/v2\/uutinen\/16252\/revisions\/16259"}],"wp:featuredmedia":[{"embeddable":true,"href":"https:\/\/moniheli.fi\/en\/wp-json\/wp\/v2\/media\/16260"}],"wp:attachment":[{"href":"https:\/\/moniheli.fi\/en\/wp-json\/wp\/v2\/media?parent=16252"}],"wp:term":[{"taxonomy":"category","embeddable":true,"href":"https:\/\/moniheli.fi\/en\/wp-json\/wp\/v2\/categories?post=16252"},{"taxonomy":"post_tag","embeddable":true,"href":"https:\/\/moniheli.fi\/en\/wp-json\/wp\/v2\/tags?post=16252"}],"curies":[{"name":"wp","href":"https:\/\/api.w.org\/{rel}","templated":true}]}}

<div data-elementor-type="wp-post" data-elementor-id="16252" class="elementor elementor-16252" data-elementor-post-type="uutinen">
				<div class="elementor-element elementor-element-657d2ad0 e-flex e-con-boxed e-con e-parent" data-id="657d2ad0" data-element_type="container" data-e-type="container">
					<div class="e-con-inner">
				<div class="elementor-element elementor-element-632fa076 elementor-widget elementor-widget-text-editor" data-id="632fa076" data-element_type="widget" data-e-type="widget" data-widget_type="text-editor.default">
				<div class="elementor-widget-container">
									<h6><b><span data-contrast="auto">Finland is a multicultural country that still faces challenges in integrating multicultural young people into society. </span></b><span data-ccp-props="{&quot;201341983&quot;:0,&quot;335559739&quot;:160,&quot;335559740&quot;:360}"> </span></h6><p><span data-contrast="auto">Although multiculturalism is a richness, it brings its own their challenges, especially for young people growing up in multicultural environments. In society, multicultural young people are marginalised by compartmentalisation and prejudice. It is important to understand how these phenomena affect young people's lives and how we can combat them. </span><span data-ccp-props="{&quot;201341983&quot;:0,&quot;335559739&quot;:160,&quot;335559740&quot;:360}"> </span></p><p><span data-contrast="auto">I remember how I used to try for a long time to hide my background as much as possible. I was ashamed of my roots, because Somalis were always used as examples when it came to people who were poorly integrated into society. Somalis were used as examples in unemployment statistics. Somalis were even stigmatised during a coronavirus pandemic in the context of infectious clusters. You can only imagine how it feels when people swerve to avoid you on the street or on public transport. </span><span data-ccp-props="{&quot;201341983&quot;:0,&quot;335559739&quot;:160,&quot;335559740&quot;:360}"> </span></p><p><span data-contrast="auto">Recently, the national media reflected on the challenges that S2 young people face in school. The reasons for the challenges were looked for in the young people's backgrounds, rather than, for example, a possible neurological disorder. When you hear nothing but the negative about your background, it inevitably starts to affect your ability to cope. This was reflected in my own ability to cope. </span><span data-ccp-props="{&quot;201341983&quot;:0,&quot;335559739&quot;:160,&quot;335559740&quot;:360}"> </span></p><p><span data-ccp-props="{&quot;201341983&quot;:0,&quot;335559739&quot;:160,&quot;335559740&quot;:360}"> </span></p><h6><b><span data-contrast="auto">Challenges affect young people's mental health and chances of success in life </span></b><span data-ccp-props="{&quot;201341983&quot;:0,&quot;335559739&quot;:160,&quot;335559740&quot;:360}"> </span></h6><p><span data-contrast="auto">The examples I mentioned above are not only the challenges faced by Somali youth. Almost everyone from a multicultural background has faced negative treatment and prejudice in society. </span><span data-ccp-props="{&quot;201341983&quot;:0,&quot;335559739&quot;:160,&quot;335559740&quot;:360}"> </span></p><p><span data-contrast="auto">This can take the form of racist comments, discrimination at school or at work, indifference in health care, or the most invisible, i.e. as a prejudiced compartmentalisation that puts people in a different position based on their background. This negative climate can have a significant impact on young people's mental health, causing stress, anxiety, and depression. Young people may feel excluded and insecure about their place in society, which can undermine their self-esteem and motivation. The combined effect of these challenges increases the risk of young people becoming marginalised. </span><span data-ccp-props="{&quot;201341983&quot;:0,&quot;335559739&quot;:160,&quot;335559740&quot;:360}"> </span></p><p><span data-contrast="auto">When young people experience persistent discrimination and face barriers, for example to employment, they may lose faith in the future and society. This can lead to passivity, school drop-out and even crime. Excluded young people are more vulnerable to mental health problems and long-term unemployment, which can create a negative cycle in their lives. </span><span data-ccp-props="{&quot;201341983&quot;:0,&quot;335559739&quot;:160,&quot;335559740&quot;:360}"> </span></p><p><span data-ccp-props="{&quot;201341983&quot;:0,&quot;335559739&quot;:160,&quot;335559740&quot;:360}"> </span></p><h6><b><span data-contrast="auto">Solutions for cultural competence development and preventive work </span></b><span data-ccp-props="{&quot;201341983&quot;:0,&quot;335559739&quot;:160,&quot;335559740&quot;:360}"> </span><span data-ccp-props="{&quot;201341983&quot;:0,&quot;335559739&quot;:160,&quot;335559740&quot;:360}"> </span></h6><p><span data-contrast="auto">It is important to recognise and address the challenges faced by young people of different cultures in society. We need more cultural competence and training, both in the workplace and in schools. The better we understand the challenges faced by young people from different cultural backgrounds, the better we can help them. It is crucial to treat young people as individuals and not just as members of a particular group, but it is equally important to understand the social challenges faced by members of that group. </span><span data-ccp-props="{&quot;201341983&quot;:0,&quot;335559739&quot;:160,&quot;335559740&quot;:360}"> </span></p><p><span data-contrast="auto">We cannot talk about equality of opportunity if every young person does not have an equal chance to succeed in life. We need active measures to combat discrimination and racist treatment and to create equal opportunities. Every educational staff member and employer should be involved in these efforts. </span><span data-ccp-props="{&quot;201341983&quot;:0,&quot;335559739&quot;:160,&quot;335559740&quot;:360}"> </span></p><p><span data-contrast="auto">The mental health challenges of multicultural young people are not yet well enough identified. Society should be more active in providing support and resources for young people to support mental health and prevent exclusion. This includes, as an essential part of this, providing professionals with cultural developing skills to better understand the challenges. By taking a preventive approach, we can ensure not only that young people stay healthy and fit, but also that we do not lose young people unnecessarily from the labour market, for example through disability pensions. </span><span data-ccp-props="{&quot;201341983&quot;:0,&quot;335559739&quot;:160,&quot;335559740&quot;:360}"> </span></p><p><span data-contrast="auto">We need every young person to keep the wheels of society turning efficiently. Let's leave no one behind. </span><span data-ccp-props="{&quot;201341983&quot;:0,&quot;335559739&quot;:160,&quot;335559740&quot;:360}"> </span></p>								</div>
				</div>
				<div class="elementor-element elementor-element-51c7ae0 elementor-widget-divider--view-line elementor-widget elementor-widget-divider" data-id="51c7ae0" data-element_type="widget" data-e-type="widget" data-widget_type="divider.default">
				<div class="elementor-widget-container">
							<div class="elementor-divider">
			<span class="elementor-divider-separator">
						</span>
		</div>
						</div>
				</div>
				<div class="elementor-element elementor-element-7543f45 elementor-widget elementor-widget-text-editor" data-id="7543f45" data-element_type="widget" data-e-type="widget" data-widget_type="text-editor.default">
				<div class="elementor-widget-container">
									<p><i><span data-contrast="auto">Sources (articles in Finnish):</span></i><span data-ccp-props="{&quot;201341983&quot;:0,&quot;335559739&quot;:160,&quot;335559740&quot;:360}"> </span></p><ul><li><i><span data-contrast="auto"> Helsingin Sanomat (for subscribers only): </span></i><a href="https://www.hs.fi/kaupunki/helsinki/art-2000010320023.html"><i><span data-contrast="none">&#8221;Meitä tarkkaillaan&#8221; &#8211; Ulkomaalaistaustaiset nuoret kertovat kohtelustaan Helsingissä</span></i></a><i></i></li><li><i><span data-contrast="auto"> Yle: </span></i><a href="https://yle.fi/a/3-11023468"><i><span data-contrast="none">Suomalainen nimi on valtava etu Suomen työmarkkinoilla – tutkija lähetti tuhansia työhakemuksia eri nimillä ja tulokset hätkähdyttävät</span></i></a><i></i></li><li><i><span data-contrast="auto"> Ilta-Sanomat: </span></i><a href="https://www.is.fi/kotimaa/art-2000009402725.html"><i><span data-contrast="none">Ylen koulukone nostatti Twitter-myrskyn: ”Todella surullista”</span></i></a><i></i></li><li><i><span data-contrast="auto"> Terveyden ja hyvinvoinnin laitos: </span></i><a href="https://thl.fi/-/maahanmuuttanut-vaesto-voi-suomessa-keskimaarin-hyvin-mutta-yksinaisyys-ja-syrjinta-varjostavat-terveytta-ja-hyvinvointia?redirect=%252Ffi%252F"><i><span data-contrast="none">Maahan muuttanut väestö voi Suomessa keskimäärin hyvin, mutta yksinäisyys ja syrjintä varjostavat terveyttä ja hyvinvointia</span></i></a><i></i></li><li><i><span data-contrast="auto"> Helsingin Sanomat (for subscribers only): </span></i><a href="https://www.hs.fi/politiikka/art-2000009943262.html"><i><span data-contrast="none">EU-selvitys: Suomi koetaan yhdeksi rasistisimmista maista</span></i></a></li></ul>								</div>
				</div>
					</div>
				</div>
				</div>

<p>Suomi on monikulttuurinen maa, joka kohtaa edelleen haasteita monikulttuuristen nuorten integroimisessa yhteiskuntaan.  Vaikka monikulttuurisuus onkin rikkaus, se tuo mukanaan omia haasteitaan, erityisesti nuorille, jotka kasvavat monikulttuurisissa ympäristöissä. Yhteiskunnassa lokerointi ja ennakkoluulot syrjäyttävät monikulttuurisia nuoria. On tärkeää ymmärtää, miten nämä ilmiöt vaikuttavat nuorten elämään ja miten voimme torjua niitä. Muistan, kuinka itse aikoinaan pyrin pitkään kätkemään [&hellip;]</p>
